{"id":3453,"date":"2024-06-11T16:55:17","date_gmt":"2024-06-11T19:55:17","guid":{"rendered":"https:\/\/yerbamatearai.com\/reventa\/?post_type=product&#038;p=3453"},"modified":"2025-06-02T08:18:35","modified_gmt":"2025-06-02T11:18:35","slug":"yera-mate-arai-agroecologica","status":"publish","type":"product","link":"https:\/\/yerbamatearai.com\/reventa\/product\/yera-mate-arai-agroecologica\/","title":{"rendered":"Yera Mate Ara\u00ed Agroecol\u00f3gica"},"content":{"rendered":"<p><span style=\"color: #000000;font-family: Helvetica Neue;font-size: small\">Sus principales caracter\u00edsticas son:<\/span><br \/>\n<span style=\"color: #000000;font-family: Helvetica Neue;font-size: small\">\u2022 Molienda intermedia<\/span><br \/>\n<span style=\"color: #000000;font-family: Helvetica Neue;font-size: small\">\u2022 Bajo contenido de polvo<\/span><br \/>\n<span style=\"color: #000000;font-family: Helvetica Neue;font-size: small\">\u2022 Estacionamiento natural y artesanal de 720 d\u00edas<\/span><br \/>\n<span style=\"color: #000000;font-family: Helvetica Neue;font-size: small\">\u2022 Yerba mate de Campo (Sur de Misiones)<\/span><br \/>\n<span style=\"color: #000000;font-family: Helvetica Neue;font-size: small\">\u2022 Agroecol\u00f3gica<\/span><br \/>\n<span style=\"color: #000000;font-family: Helvetica Neue;font-size: small\">\u2022 Sin TACC<\/span><br \/>\n<span style=\"color: #000000;font-family: Helvetica Neue;font-size: small\">\u2022 Kosher<\/span><br \/>\n<span style=\"color: #000000;font-family: Helvetica Neue;font-size: small\">\u2022 \u00a1Tus mates, sin acidez!<\/span><\/p>\n","protected":false},"excerpt":{"rendered":"<p><span style=\"color: #000000;font-family: Helvetica Neue;font-size: small\">Proceso \u00fanico de producci\u00f3n, respetando las condiciones normativas vigentes, con insumos provistos nada m\u00e1s que de la naturaleza.<\/span><br \/>\n<span style=\"color: #000000;font-family: Helvetica Neue;font-size: small\">Es un blend que se elabora bajo los m\u00e1s rigurosos est\u00e1ndares, rasgos \u00fanicos desde la ra\u00edz de la planta hasta su cuidado proceso de elaboraci\u00f3n.<\/span><\/p>\n","protected":false},"featured_media":2085,"template":"","meta":[],"product_cat":[150],"product_tag":[],"_links":{"self":[{"href":"https:\/\/yerbamatearai.com\/reventa\/wp-json\/wp\/v2\/product\/3453"}],"collection":[{"href":"https:\/\/yerbamatearai.com\/reventa\/wp-json\/wp\/v2\/product"}],"about":[{"href":"https:\/\/yerbamatearai.com\/reventa\/wp-json\/wp\/v2\/types\/product"}],"wp:featuredmedia":[{"embeddable":true,"href":"https:\/\/yerbamatearai.com\/reventa\/wp-json\/wp\/v2\/media\/2085"}],"wp:attachment":[{"href":"https:\/\/yerbamatearai.com\/reventa\/wp-json\/wp\/v2\/media?parent=3453"}],"wp:term":[{"taxonomy":"product_cat","embeddable":true,"href":"https:\/\/yerbamatearai.com\/reventa\/wp-json\/wp\/v2\/product_cat?post=3453"},{"taxonomy":"product_tag","embeddable":true,"href":"https:\/\/yerbamatearai.com\/reventa\/wp-json\/wp\/v2\/product_tag?post=3453"}],"curies":[{"name":"wp","href":"https:\/\/api.w.org\/{rel}","templated":true}]}}