{"id":3598,"date":"2024-06-11T19:18:53","date_gmt":"2024-06-11T22:18:53","guid":{"rendered":"https:\/\/yerbamatearai.com\/reventa\/?post_type=product&#038;p=3598"},"modified":"2025-12-29T11:19:22","modified_gmt":"2025-12-29T14:19:22","slug":"yerba-mate-arai-900-dias-2","status":"publish","type":"product","link":"https:\/\/yerbamatearai.com\/reventa\/product\/yerba-mate-arai-900-dias-2\/","title":{"rendered":"Yerba Mate Ara\u00ed 900 D\u00edas"},"content":{"rendered":"<p><span style=\"color: #000000;font-family: Helvetica Neue;font-size: small\">Sus principales caracter\u00edsticas son:<\/span><br \/>\n<span style=\"color: #000000;font-family: Helvetica Neue;font-size: small\">\u2022 Molienda tradicional<\/span><br \/>\n<span style=\"color: #000000;font-family: Helvetica Neue;font-size: small\">\u2022 Yerba mate de campo (Sur de Misiones)<\/span><br \/>\n<span style=\"color: #000000;font-family: Helvetica Neue;font-size: small\">\u2022 Palo, polvo y hojas en igual proporci\u00f3n<\/span><br \/>\n<span style=\"color: #000000;font-family: Helvetica Neue;font-size: small\">\u2022 Estacionamiento natural y artesanal de 900 d\u00edas<\/span><br \/>\n<span style=\"color: #000000;font-family: Helvetica Neue;font-size: small\">\u2022 Agroecol\u00f3gica<\/span><br \/>\n<span style=\"color: #000000;font-family: Helvetica Neue;font-size: small\">\u2022 Sin TACC<\/span><br \/>\n<span style=\"color: #000000;font-family: Helvetica Neue;font-size: small\">\u2022 Kosher<\/span><br \/>\n<span style=\"color: #000000;font-family: Helvetica Neue;font-size: small\">\u2022 \u00a1Tus mates, sin acidez!<\/span><br \/>\n<span style=\"color: #000000;font-family: Helvetica Neue;font-size: small\">\u00a1Es un acto de amor que supimos concebir!<\/span><\/p>\n","protected":false},"excerpt":{"rendered":"<p><span style=\"color: #000000;font-family: Helvetica Neue;font-size: small\">Desde la primera cebada, vas a descubrir que es la yerba que buscaste toda tu vida.Su estacionamiento perfectamente cuidado y esperado durante m\u00e1s de 3 a\u00f1os, la hacen \u00fanica.<\/span><br \/>\n<span style=\"color: #000000;font-family: Helvetica Neue;font-size: small\">Un tipo de yerba provocadora serial de rondas infinitas, de esos mates duraderos que piden una segunda pava desde el inicio.<\/span><\/p>\n","protected":false},"featured_media":1892,"template":"","meta":[],"product_cat":[150],"product_tag":[],"_links":{"self":[{"href":"https:\/\/yerbamatearai.com\/reventa\/wp-json\/wp\/v2\/product\/3598"}],"collection":[{"href":"https:\/\/yerbamatearai.com\/reventa\/wp-json\/wp\/v2\/product"}],"about":[{"href":"https:\/\/yerbamatearai.com\/reventa\/wp-json\/wp\/v2\/types\/product"}],"wp:featuredmedia":[{"embeddable":true,"href":"https:\/\/yerbamatearai.com\/reventa\/wp-json\/wp\/v2\/media\/1892"}],"wp:attachment":[{"href":"https:\/\/yerbamatearai.com\/reventa\/wp-json\/wp\/v2\/media?parent=3598"}],"wp:term":[{"taxonomy":"product_cat","embeddable":true,"href":"https:\/\/yerbamatearai.com\/reventa\/wp-json\/wp\/v2\/product_cat?post=3598"},{"taxonomy":"product_tag","embeddable":true,"href":"https:\/\/yerbamatearai.com\/reventa\/wp-json\/wp\/v2\/product_tag?post=3598"}],"curies":[{"name":"wp","href":"https:\/\/api.w.org\/{rel}","templated":true}]}}