{"id":3613,"date":"2024-06-13T14:14:42","date_gmt":"2024-06-13T17:14:42","guid":{"rendered":"https:\/\/yerbamatearai.com\/reventa\/?post_type=product&#038;p=3613"},"modified":"2026-02-13T08:32:18","modified_gmt":"2026-02-13T11:32:18","slug":"yerba-mate-arai-tradicional","status":"publish","type":"product","link":"https:\/\/yerbamatearai.com\/reventa\/product\/yerba-mate-arai-tradicional\/","title":{"rendered":"Yerba Mate Ara\u00ed Tradicional"},"content":{"rendered":"<p><span style=\"color: #000000;font-family: Helvetica Neue;font-size: small\">\u2022 Molienda tradicional<\/span><br \/>\n<span style=\"color: #000000;font-family: Helvetica Neue;font-size: small\">\u2022 Yerba mate de monte (Centro-Norte de Misiones)<\/span><br \/>\n<span style=\"color: #000000;font-family: Helvetica Neue;font-size: small\">\u2022 Palo, polvo y hojas en igual proporci\u00f3n<\/span><br \/>\n<span style=\"color: #000000;font-family: Helvetica Neue;font-size: small\">\u2022 Estacionamiento natural y artesanal de 720 d\u00edas<\/span><br \/>\n<span style=\"color: #000000;font-family: Helvetica Neue;font-size: small\">\u2022 Agroecol\u00f3gica<\/span><br \/>\n<span style=\"color: #000000;font-family: Helvetica Neue;font-size: small\">\u2022 Sin TACC<\/span><br \/>\n<span style=\"color: #000000;font-family: Helvetica Neue;font-size: small\">\u2022 Kosher<\/span><br \/>\n<span style=\"color: #000000;font-family: Helvetica Neue;font-size: small\">\u2022 \u00a1Tus mates, sin acidez!<\/span><br \/>\n<span style=\"color: #000000;font-family: Helvetica Neue;font-size: small\">Ara\u00ed tradicional, fiel al estilo Misionero!<\/span><\/p>\n","protected":false},"excerpt":{"rendered":"<p><span style=\"color: #000000;font-family: Helvetica Neue;font-size: small\">Su consumo, est\u00e1 \u00edntegramente dirigido a quienes disfrutan a diario del cl\u00e1sico mate amargo.Un tipo de yerba provocadora serial de rondas infinitas, de esos mates duraderos que piden una segunda pava desde el inicio.<\/span><\/p>\n","protected":false},"featured_media":2069,"template":"","meta":[],"product_cat":[150],"product_tag":[],"_links":{"self":[{"href":"https:\/\/yerbamatearai.com\/reventa\/wp-json\/wp\/v2\/product\/3613"}],"collection":[{"href":"https:\/\/yerbamatearai.com\/reventa\/wp-json\/wp\/v2\/product"}],"about":[{"href":"https:\/\/yerbamatearai.com\/reventa\/wp-json\/wp\/v2\/types\/product"}],"wp:featuredmedia":[{"embeddable":true,"href":"https:\/\/yerbamatearai.com\/reventa\/wp-json\/wp\/v2\/media\/2069"}],"wp:attachment":[{"href":"https:\/\/yerbamatearai.com\/reventa\/wp-json\/wp\/v2\/media?parent=3613"}],"wp:term":[{"taxonomy":"product_cat","embeddable":true,"href":"https:\/\/yerbamatearai.com\/reventa\/wp-json\/wp\/v2\/product_cat?post=3613"},{"taxonomy":"product_tag","embeddable":true,"href":"https:\/\/yerbamatearai.com\/reventa\/wp-json\/wp\/v2\/product_tag?post=3613"}],"curies":[{"name":"wp","href":"https:\/\/api.w.org\/{rel}","templated":true}]}}